-10). Suppose -3*h + 80 = 4*d - h, 4*h + 20 = d. Calculate the highest common divisor of v and d.
4
Suppose -13*r + 8*r = -595. What is the greatest common factor of r and 7?
7
Let a be -4 + 2 + 1 - -5. Suppose -2*z + a*k + 2 = 12, 3*k = z. Let h be (-1 - 0)*(z + 1). What is the highest common divisor of h and 112?
14
Suppose 2*j - 148 = -2*k, 0*k + 4*k - 276 = j. What is the greatest common divisor of k and 28?
14
Let a = -133 - -280. Suppose 780 = 3*i - 3*s + a, -2*i - 3*s = -417. What is the greatest common divisor of i and 30?
30
Let v(k) = k + 6*k**2 + 1 + 2*k - 4 - 5*k. Let w be v(-2). What is the greatest common divisor of w and 5?
5
Suppose 3*p - 3 = -3*q - 0*p, 0 = -p - 1. Suppose -q*w + 216 = 2*w. Calculate the highest common factor of w and 36.
18
Let g be (2 - -3)*(2 - 1). Let w = 28 + -15. Suppose 0 = 5*o + 3*k - w - 12, -o = 3*k - 5. Calculate the highest common divisor of g and o.
5
Let w be ((-3)/(-2))/(6/16). Suppose 9*m - 4*m + 15 = 0, -w*m + 8 = 5*p. Suppose -4*f - 24 = -136. What is the greatest common factor of p and f?
4
Let p = -3 + 27. Let n(r) = -3*r**3 + r**2. Let t = -7 - -6. Let w be n(t). Calculate the highest common factor of w and p.
4
Let n be -2 - (-1 - 1 - -2). Let a = n - -6. Calculate the greatest common factor of 1 and a.
1
Suppose -2*h + 295 = 2*h + 5*s, 3*h - 222 = -4*s. Suppose 0 = 5*w - 2*w - 5*g - 69, -4*g + 124 = 4*w. Calculate the highest common divisor of h and w.
14
Let w be (-5 + 3)*1/2. Let x be w/(-1) + 22 + 4. Calculate the highest common divisor of x and 3.
3
Let q be (-5 - -3) + -1 - -5. Suppose -5*l = -4*l - 3. Suppose -5*j - 5*w + 65 = 0, l = w - q. Calculate the greatest common divisor of 8 and j.
8
Let f(k) = 2*k**2 + 2*k - 1. Let t be f(-2). Suppose t*w = -2*m + 27, -m - 5 + 26 = -w. Let x = -283 + 409. What is the greatest common divisor of m and x?
18
Let n = 153 + -97. What is the highest common factor of 140 and n?
28
Let o = -1 + 3. Suppose 0 = 6*d - o*d - 792. What is the highest common factor of 22 and d?
22
Let q be (-1 - -1)/(-3 + 4). Let l be 4 + (q - 2/(-1)). Let y be (5 + -59)/((-4)/l). Calculate the highest common divisor of 9 and y.
9
Let g be 66/(-9)*(-6)/1. Calculate the greatest common divisor of g and 11.
11
Suppose -12*i = -17*i + 5. What is the highest common divisor of i and 9?
1
Suppose -3*d + 273 = 48. What is the greatest common factor of d and 15?
15
Let p = -3 - -3. Let i be (-1)/(p - 3/147). Suppose -5*q + 53 = -d, 2*d + i = 4*q + 3. Calculate the greatest common factor of 30 and q.
10
Suppose -y + 62 = 22. Calculate the highest common divisor of 16 and y.
8
Suppose -5*l + 36 = -29. Let p = l + 7. Calculate the greatest common divisor of p and 30.
10
Let f = 377 + -207. What is the greatest common factor of 68 and f?
34
Let i be (111/6)/((-4)/(-8)). What is the highest common factor of i and 370?
37
Let b(s) = -s + 70. Let h = 5 + -5. Let l be b(h). What is the highest common divisor of 28 and l?
14
Let n = -25 + 41. Let l = -47 + 95. What is the highest common divisor of n and l?
16
Let n(r) = -4*r - 6. Let j = -21 - -15. Let d be n(j). Calculate the highest common divisor of d and 9.
9
Let t be (-5)/3 - 2/6. Let l be (-3)/(-9)*(-3)/1. Let k be (t + 1)/(l/8). Calculate the highest common factor of k and 32.
8
Suppose -45 - 3 = -4*a + 2*i, -5*i - 60 = -5*a. Let o(p) = -4*p. Let u be o(-2). Calculate the highest common divisor of a and u.
4
Let j(q) = -q**2 + q + 5. Let i be 2 + (-1 - 3) - -2. Let u be j(i). Calculate the greatest common divisor of u and 35.
5
Let z be 12/1 + (-2)/(-2). Suppose 2*h - 3*r - 37 = 0, 0 = -2*h + 4*h + 5*r - z. Calculate the highest common divisor of h and 28.
14
Let w(g) be the third derivative of -5*g**4/24 - g**3/3 - g**2. Let l be (1 - -6)*(0 + -1). Let m be w(l). Calculate the highest common divisor of 11 and m.
11
Let f = 176 - 104. Calculate the greatest common factor of 48 and f.
24
Let d be (2/(-3))/(14/(-1869)). Suppose 3*t - 240 = 3*i, -2*t - 3*i + d = -56. Calculate the highest common divisor of t and 7.
7
Let o = 1 - 1. Suppose -5*i + 0*t + 289 = -3*t, -5*i - 4*t + 268 = o. Suppose 4*a = -a + 35. What is the highest common factor of a and i?
7
Let c(v) = -v**2 - 7*v - 5. Let k be c(-5). Suppose y + k*o = 4*y - 4, -2*o - 4 = 0. Let t be ((0 - -1) + -5)/y. What is the highest common divisor of 2 and t?
2
Let g(i) be the first derivative of -i**4/4 + 7*i**3/3 - 7*i**2/2 + 8*i + 3. Let v be g(6). Let q = 3 - 2. What is the highest common divisor of v and q?
1
Let l(y) = -3*y - 2. Let q be l(-6). Let g = -60 - -108. Calculate the highest common factor of g and q.
16
Let h = 161 + -108. Suppose h + 52 = 5*z. Let g = -2 + z. Calculate the highest common divisor of g and 57.
19
Let b = -44 + 45. Calculate the highest common factor of b and 7.
1
Suppose 33 = 4*x - 3. Let d(l) = -2*l**3 - 2*l**2 + l. Let v be d(-2). Calculate the highest common divisor of v and x.
3
Let v(x) = 6*x**2 + 4*x + 2. Let i be v(-2). Let f = -3 - -9. What is the greatest common divisor of f and i?
6
Let m(q) = 6*q + 10. Let o be m(-4). Let s be (2 + (-6)/2)*o. Calculate the highest common factor of 28 and s.
14
Suppose -2*o - 5*t = -22, 5*o = -0*t + 4*t + 55. What is the greatest common factor of o and 99?
11
Let c be 4/(-2) - (-2)/(-2). Let o = 6 + c. What is the highest common divisor of o and 3?
3
Let f = -3 + 5. Suppose 0 = f*h + h - 15. Suppose -5*q - m + 223 = 0, q + 170 = 5*q + 5*m. Calculate the highest common divisor of q and h.
5
Let s be ((-2)/(-1))/(-2)*8. Let d be 2/s + (-543)/(-12). Suppose 5*c = d + 25. Calculate the greatest common divisor of 154 and c.
14
Let d(l) = l**2 + 4*l + 5. Let f be d(-4). Suppose -5*x + 3*h + 2 = -8, x + 4*h = -21. Let j be x/(2*3/(-210)). What is the greatest common factor of f and j?
5
Suppose 5*a - 4*h - 980 = 0, a - 3*a - 2*h + 392 = 0. What is the greatest common divisor of 28 and a?
28
Let p(u) = u + 5. Let k be p(-5). Suppose 2*y = -0*y - 4*r + 16, k = 3*y - 4*r - 64. Let a be 2586/18 - 2/(-6). Calculate the highest common divisor of y and a.
16
Let h be (-9)/36 + (-442)/(-8). Suppose 2*m - b - 37 = 0, -b = -4*m - 4*b + 59. Let t = -12 + m. What is the greatest common divisor of t and h?
5
Suppose 4*y + 0 = 8. Suppose y*w - 8 = 2, 2*w = -h + 32. Calculate the greatest common divisor of h and 198.
22
Let v(y) = -y**3 - 9*y**2 - 11*y. Let a be v(-8). Calculate the greatest common divisor of a and 3.
3
Suppose 60 = 2*u - 200. Suppose -2*a + u + 192 = 0. What is the greatest common factor of 23 and a?
23
Let f(j) = -j + 9 + 0*j - j**3 - 7. Let q be f(-2). What is the greatest common divisor of q and 108?
12
Let t(x) = -28*x - 1. Let p be t(-1). Let y be (6 - 5)/((-1)/(-4)). Suppose -10 = -0*u + 5*u, -y*u + 7 = 5*l. Calculate the greatest common factor of p and l.
3
Suppose 0 = -4*d + 44 - 0. What is the highest common divisor of d and 33?
11
Let b(i) = i**3 - 7*i**2 - 5*i + 8. Let n be b(8). Suppose -36 = -2*h + 4*u, 4*h + 3*u + 6 = 67. Calculate the greatest common factor of n and h.
16
Suppose -z = 0, z - 5*z - 16 = -k. Calculate the highest common divisor of k and 16.
16
Suppose 4*w = -4*r + 200, r - 60 = -4*w + w. What is the highest common factor of r and 15?
15
Let n(j) = j - 4. Let d be n(6). Suppose 0 = -d*q + 5*y + 129 + 184, -2*y = 2. What is the highest common divisor of 14 and q?
14
Let g be 37/3 - (-3)/(-9). Calculate the highest common factor of g and 24.
12
Let g be (-6)/(-27) + 194/18. Suppose 3*i - 17 = 3*b - 2*i, 2*i = -3*b + g. Suppose -5*c = -13 - 12. What is the greatest common factor of b and c?
1
Let b(f) = f + 6. Let s be b(4). Suppose -3*r = -4*r + 15. Calculate the highest common factor of s and r.
5
Let r = 1 + -5. Let o = r + 7. Suppose -18 - 23 = -4*i - c, 2*i - o*c = 17. Calculate the greatest common factor of i and 70.
10
Let p be (-244 + (-2)/(-1))/(-2). Let q(c) = -12*c - 4. Let y be q(-4). Suppose y = m + 3*m. Calculate the highest common divisor of p and m.
11
Suppose -5*o + 86 + 154 = 0. Let c = o - 32. Let h(r) = -31*r + 1. Let t be h(-1). What is the greatest common factor of c and t?
16
Suppose 5*q = 2 + 63. What is the highest common divisor of 208 and q?
13
Suppose 0 = -5*r - 4*u - 0*u + 176, r - 3*u = 20. What is the highest common factor of r and 48?
16
Let c = 